3, c*i - t = -i + 11. Calculate the remainder when i is divided by 1.
0
Let f be (-16)/4 - -12 - 2. Suppose b - f = 2. Suppose 0*s - 46 = -2*s. What is the remainder when s is divided by b?
7
Suppose -113 = -a + 1. What is the remainder when a is divided by 68?
46
Let k(f) = 50*f + 18. Let z be k(-2). Let i = z - -133. What is the remainder when i is divided by 27?
24
Let j be -42 + 40 + 1 + 0/1. Calculate the remainder when 20 is divided by ((-129)/(-9) - j) + 2/3.
4
Let v be -2 + 76/(-3) - (-3)/9. What is the remainder when (-2)/(-7) + 117/7 is divided by 18/v - (-56)/12?
1
Let o(q) = q**3 - 16*q**2 + 4. Let h be o(16). Let w be h + 51/(0 - 3). Let n = 23 + w. What is the remainder when 19 is divided by n?
9
Suppose -3*h = -56 - 52. Let j = 628 - 615. What is the remainder when h is divided by j?
10
Let g = -46 + 52. Suppose l = y + g*l - 45, -3*y + 84 = -2*l. Suppose 0 = w - 15 - 1. What is the remainder when y is divided by w?
14
Let y(p) = 4*p - 11. Let c be y(5). Let r be 52/9 - (-2)/c. Let u = 10 - r. Calculate the remainder when 5 is divided by u.
1
Suppose 5*y - 211 = -5*k + 219, -y = -8*k + 724. What is the remainder when k is divided by 19?
14
Let a = -608 - -638. Calculate the remainder when 281 is divided by a.
11
Suppose -n + 20 = v, n - v = -0*n + 10. Let g = 38 + n. Suppose -3*t + g = 14. What is the remainder when 50 is divided by t?
11
Suppose 0 = -0*i - 5*i + 325. Suppose 5*j = -3*c + 41 - 14, -2*c + 4 = j. Calculate the remainder when i is divided by j.
5
Suppose -5*k - a + 402 + 287 = 0, -2*a + 8 = 0. Calculate the remainder when 547 is divided by k.
136
Suppose -6*u + 3 = -9. Suppose -5*h - u = -22. What is the remainder when 14 is divided by h?
2
Suppose 51 = j - f, -3*f = -j + 3*j - 127. Let h = 61 - j. Calculate the remainder when 29 is divided by h.
4
Suppose 19*m - 22*m + 126 = 0. What is the remainder when 209 is divided by m?
41
Let q = 1134 + -972. Calculate the remainder when q is divided by 41.
39
Let q be -10*(-11)/(165/18). What is the remainder when 963/q - (-6)/8 is divided by 21?
18
Let l(o) = 12*o - 5*o + 2 - 6*o + o**3. Let x be l(0). Let t(p) = 3*p**3 + 4*p**2 - 3*p. What is the remainder when t(x) is divided by 7?
6
Suppose q - 2*d = 5*d + 24, -3*q + 36 = -3*d. What is the remainder when 89 is divided by q?
9
Let n = 1689 + -1047. What is the remainder when n is divided by 14?
12
Let o be 6 + -10 + -1 + 26. Let l = 12 - 12. Suppose l = r + 2*r - o. Calculate the remainder when 18 is divided by r.
4
Suppose -6 = 16*u - 102. Calculate the remainder when 12 is divided by u.
0
Let c be (-66)/(-16) - ((-279)/72 + 4). Suppose -2*x - x + 5*d = -306, 0 = -c*d - 12. Calculate the remainder when x is divided by 20.
17
Let h = -159 + 246. Calculate the remainder when h is divided by (2838/(-387))/((-2)/6).
21
Suppose -11*y = -6*y - 150. Calculate the remainder when 56 is divided by y.
26
Suppose -30*m + 224 = -2*m. Calculate the remainder when 278 is divided by m.
6
Let n be (-3 - -7)*(13 - -5). Suppose -n = -3*j - 0*j. Calculate the remainder when j is divided by 3.
0
Let x(q) = 7*q**2 + 18*q + 34. Let d(p) = 4*p**2 + 9*p + 17. Let n(b) = -5*d(b) + 3*x(b). Let y = 71 - 47. What is the remainder when y is divided by n(-8)?
6
Suppose 2716 = 112*s - 2548. What is the remainder when 87 is divided by s?
40
What is the remainder when 196 is divided by (2409/(-146))/((-1)/2)?
31
Suppose 54*o - 2146 - 4172 = 0. Calculate the remainder when o is divided by 16.
5
Let d be (1 + 0)/(-2)*-4. What is the remainder when 23 is divided by ((-10)/(-5) - -9) + d?
10
Suppose 2*d = 3*h - 181, -17*h + 4*d - 37 = -18*h. Calculate the remainder when 510 is divided by h.
54
Suppose -3*n + 6*n + 56 = 4*c, 2*c = 4*n + 38. Suppose -36 = 9*k - c*k. What is the remainder when 61 is divided by k?
7
Let l = 22 - -6. Suppose -5*t - 30 = -5*h, 3*t + 0*t = 5*h - l. Suppose -5*y + 230 = -h*n, -5*n - 104 = -y - y. What is the remainder when y is divided by 9?
6
Let w be (3/2)/((-4)/(-8)). Calculate the remainder when 13 is divided by (10 - 0)/(3/w - -1).
3
Let w be (174/(7/2 + -2))/(-1). Let m = 119 + w. What is the remainder when 25 is divided by m?
1
Let p(q) = 2*q**2 - 6*q + 7. Let a(y) be the third derivative of -y**5/60 + y**4/24 + 5*y**3/2 + 4*y**2. What is the remainder when p(6) is divided by a(0)?
13
Let s(u) be the second derivative of -40*u**3/3 + 5*u**2/2 + 4*u + 1. What is the remainder when s(-2) is divided by 24?
21
Let g = 1271 - 664. Calculate the remainder when g is divided by 32.
31
Let n = -100 - -206. What is the remainder when n is divided by 27?
25
Suppose -2*g - 3*g + 53 = 4*x, 0 = g + 3. Let c = -28 + 39. Calculate the remainder when x is divided by c.
6
Calculate the remainder when 141 is divided by (-2964)/(-39)*(0 - (-3 - -2)).
65
Let d be (-860)/14 + 12/(-21). Let s = 68 + d. What is the remainder when 11 is divided by s?
5
Suppose 5*n + 13 = -7, 2*n - 40 = -4*h. Let u = 5 + -13. What is the remainder when 8/2*(-94)/u is divided by h?
11
Suppose -6 = 3*d, -4*b - 2*d + 7*d = -138. Calculate the remainder when 213 is divided by b.
21
Let s(k) = 127*k + 1563. Let r = 9 - -1. What is the remainder when s(-12) is divided by r?
9
What is the remainder when ((-8)/80*-5)/((66/(-84))/(-11)) is divided by 8 + -2 + (2 - 2)?
1
Let u(r) = r**3 + 24*r**2 + 66*r + 31. Calculate the remainder when u(-20) is divided by 27.
14
Suppose 0*f + 6 = f. Let h be 4/6*(-3)/2*-7. Let n = h + f. What is the remainder when 22 is divided by n?
9
Let a(v) = -v**3 - 4*v**2 - 6*v + 2. Let n be 3/2*(-30)/15. What is the remainder when 4/(-3)*(-216)/16 is divided by a(n)?
7
Let z = -9 - -11. Suppose 0*r = -r + 4. What is the remainder when 2/4*10 + z is divided by r?
3
Let h be (-2030)/(-25) + 1/(-5). Let v = h + -40. What is the remainder when v is divided by 11?
8
Suppose 4*p = -q - 74, 3*q - p - 2*p + 177 = 0. What is the remainder when 12/3 + q/(-1) is divided by 14?
10
Suppose -4*f = -6*f - 8, -5*f = -4*x + 96. Suppose -r - 6 = -3*j - 22, 18 = 2*r + j. What is the remainder when x is divided by r?
9
Let p be 13 + -8 - (2 - -3). Suppose p*k = 6*k - 54. Let u = 38 - 22. What is the remainder when u is divided by k?
7
Let u = -534 - -674. Calculate the remainder when u is divided by 52.
36
Let f be (-1)/(((-6)/(-21))/2). Let n = -5 - f. Suppose 0 = -k + 13 + n. Calculate the remainder when 44 is divided by k.
14
Suppose -2*k + 5*l + 46 = 0, 86 = 24*k - 19*k + 2*l. Calculate the remainder when k is divided by 6.
0
Let x(s) = -s - 1. Let q(f) = -f**2 - f - 2. Let z be q(-2). Let k be x(z). Suppose -5*l + k = -147. What is the remainder when l is divided by 11?
8
Let u(y) = 2*y**2 + 2*y - 4. Suppose 12*v - 238 = -82. Calculate the remainder when u(4) is divided by v.
10
Suppose 0 = 25*i - 22*i - 90. Calculate the remainder when 6/3*3/(i/275) is divided by 14.
13
Suppose -t + 18 = t. Suppose 4*h - t*h = -45. Calculate the remainder when 44 is divided by h.
8
Suppose 52 = -3*l - 20. Let x(g) = g**3 + 6*g**2 - 4*g + 7. Let a be x(-6). Let w = l + a. What is the remainder when 20 is divided by w?
6
Let y(b) = -3*b**2 + 137*b + 60. What is the remainder when 189 is divided by y(46)?
7
Suppose 25 = 4*u + 49. Let m(t) = -6*t - 20. Let d(y) = -3*y - 10. Let q(b) = -7*d(b) + 4*m(b). What is the remainder when 20 is divided by q(u)?
4
Suppose -q - 1 = -9. Suppose -3*h - 35 = -q*h. Suppose 100 = 5*u + 5*x, -3*u - 2*x - 2*x = -62. What is the remainder when u is divided by h?
4
Let k = 125 + -87. Let d be 4/(8/k) + -3. Let l = d - 8. What is the remainder when l is divided by 5?
3
Let n(u) = -u**2 + 6*u + 5. Let q be n(8). Let p = q + 16. Suppose -p*r = -24 - 51. What is the remainder when 58 is divided by r?
13
Let t(d) = d**3 - 2*d**2 - 3*d - 1. Let o be t(3). Let a be (-6)/3*o/2. What is the remainder when (0/a - -2)*16 is divided by 11?
10
Suppose 4*r + 130 = 2*g, -16*g + 12*g + 5*r + 272 = 0. Calculate the remainder when 125 is divided by g.
52
Suppose -w + 17 = -30. Calculate the remainder when w is divided by 13.
8
Suppose -2*k + 4*b = -878, 0 = k + 4*b - 222 - 193. Calculate the remainder when k is divided by 62.
59
Let r = 1797 + -1744. Let j(m) = 5*m**2 + 5*m - 1. Let b be j(-4). Suppose -3*f = -25 - b. What is the remainder when r is divided by f?
25
L